se -5*c + 26 = -2*l, l + 6 + 4 = 2*c. Let n(q) be the second derivative of -q**4/12 + 4*q**3/3 - 7*q**2/2 + 5*q. Give n(c).
5
Suppose -3*f = -2*l - 1, 16 = 45*l - 50*l + 3*f. Let h(w) = 3*w - 7. Determine h(l).
-22
Suppose -c - 45 = -4*y, -5*c + 17 = 5*y - 3*y. Let n(g) = -g**3 + 11*g**2 + 2*g + 4. Calculate n(y).
26
Suppose 2*s = 3*c + 5*s, -30 = -2*c + 4*s. Let z(g) = c*g + 5 - 4*g + 5*g + g**2. Give z(-4).
-3
Let j(q) be the second derivative of -q**4/12 + q**3/2 + q**2/2 + 2*q. Let y be (-56)/(-42)*30/(-20). Give j(y).
-9
Let g be (-6)/(-1 + -5)*10. Let q(l) = -14*l + 23*l - g*l + 12. Give q(0).
12
Let c(d) = -d**3 + 9*d**2 + 4*d + 9. Let g(k) = -5*k**3 + 37*k**2 + 18*k + 37. Let a(h) = -9*c(h) + 2*g(h). What is a(-7)?
-7
Let z(x) = 6*x + 1. Suppose -25 = 2*t + 3*t - 5*v, -4*v + 16 = 0. Let d be z(t). Let w(u) = u**3 + 6*u**2 + 5*u + 5. What is w(d)?
5
Let r(u) = u**2 - 8*u + 7. Let z be r(9). Suppose 3*y + 16 = z. Let o(w) = w**3 + w - 3. Calculate o(y).
-3
Suppose -8 = 4*m - 24. Let u(p) = -2 + 9*p - m*p - 2*p - 7*p. What is u(-2)?
6
Let q = -42 - -21. Let x be ((-6)/q)/(8/28). Let u(t) = 4*t**3 + t**2 - 2*t + 1. Calculate u(x).
4
Suppose -6*z + z + 15 = 0. Let g(h) = h - 3. Let f be g(z). Let s(u) = 2*u**3 + 5*u**3 - 31*u**2 - 3 + 4*u**3 - 10*u**3 + 32*u**2. What is s(f)?
-3
Suppose -i + 3*b = 4, 4*i = 6*i + 3*b - 19. Suppose -i*g = -g - 8. Let z(r) = -7*r**3 - 4*r**g - 1 - r + 6*r**3 + 0*r. Give z(-3).
-7
Let o be 4/18*-3*-3. Let k = -16 - -20. Let r(w) = 3*w**2 + 17*w - k - 16*w + 2. Give r(o).
12
Let m(g) = -3*g + 18. Let f(b) = 11*b - 56. Let o(z) = -2*f(z) - 7*m(z). Give o(-8).
-6
Let s(n) = n**2 + 5*n - 16. Let f be s(-7). Let v(z) = z**2 - 2. What is v(f)?
2
Let r(m) = 18*m + 24 + 4*m - 34*m + 13*m + 14*m. Give r(-2).
-6
Let w(r) = r**2 + 3*r - 4. Let g(b) = -b - 1. Let c(p) = -2*g(p) - w(p). Let d = 234 + -234. Determine c(d).
6
Let w(j) be the third derivative of j**5/60 + 3*j**4/8 + 2*j**3 + 216*j**2. Let o(g) = -3*g + 4. Let x be o(4). Determine w(x).
4
Let k(m) = 9*m**3 + 2*m**2 + 6*m + 3. Let o(s) = 4*s**3 + 3*s + 1. Let v(f) = 3*k(f) - 7*o(f). Calculate v(4).
22
Let c(t) = 2*t**2 + 2*t + 1. Let s(r) = 9*r**2 + 14*r + 5. Let z(y) = 4*c(y) - s(y). Calculate z(-2).
7
Let u be ((-315)/70)/((-18)/8). Let r(k) = 2*k**3 - 2*k**2 + 2*k + 1. What is r(u)?
13
Let g be -24 - 2/(-2 + 1). Let f(u) = 22*u + 214. Let s be f(-11). Let p = g - s. Let q(n) = n**3 - 6*n**2 + n - 8. Determine q(p).
-2
Let j(x) = -2*x - 2. Suppose 2*g + 2*h = 10, -h + 20 = 4*g + 4*h. Let b be g + (-111)/21 + 44/7. Determine j(b).
-14
Let u be -33*(-5)/45*3. Let h(a) = a**2 - 10*a - 11. Give h(u).
0
Suppose -3 = 3*g + a - 4*a, 5 = -5*g + 4*a. Let i be g/(((-2)/(-7))/(-2)). Let q(j) = -j**2 + 6*j - 2. Give q(i).
-9
Let g(i) = -13*i**2 + i - 6. Let l(a) = 14*a**2 - a + 5. Let v(s) = 5*g(s) + 6*l(s). Calculate v(-1).
20
Suppose -h - 21 = -b, -4*h = b - 3*b + 50. Let m(d) = -b*d - 25*d + 4 + 41*d. Let v be (3 - 2) + 0 + 3. Calculate m(v).
0
Let u(j) = j**2 - 5*j - 4. Let q = 57 + -60. Let w be ((-12)/9)/(25/9 + q). What is u(w)?
2
Let f(c) be the first derivative of c**4/4 + c**2 - 8*c + 64. Determine f(0).
-8
Let p = -24 + 27. Let a(h) = 11*h + p - 3*h - 1 - 6*h. Determine a(-2).
-2
Let r(q) be the first derivative of -3*q**4/4 + q**2/2 + q + 141. What is r(-1)?
3
Let d(k) be the second derivative of k**6/60 - k**5/60 - k**3/6 + 15*k**2/2 + 24*k. Let v(j) be the first derivative of d(j). Give v(2).
11
Let h(y) = y**3 + 9*y**2 + 7*y + 6. Suppose -2*d - 35 = -19. Calculate h(d).
14
Let x(m) = -m**2 - 7*m + 1. Let q(s) = -19*s + 355. Let b be q(19). Calculate x(b).
7
Let r be 16/(-12)*9/(-4). Let q(n) = 4*n**2 - 6*n - 3*n**3 + 3*n**3 + r + 2*n - n**3. Suppose 0 = -4*f + 9 - 1. Calculate q(f).
3
Suppose 57 = -3*x + l, x - 5*l = 4 - 9. Let q be (-1)/(-4) - (-105)/x. Let w(a) = 2*a - 1. Let d(o) = -2*o + 4. Let r(h) = d(h) + 2*w(h). What is r(q)?
-8
Let b(s) = -s**3 - 10*s**2 - 8*s - 7. Let h(i) = 2*i**3 + i**2 - 2*i - 1. Let q(a) = b(a) + h(a). Determine q(10).
-8
Let s(j) = -j**3 - 4 + 37788*j - 5*j**2 + 1 - 37792*j. Give s(-5).
17
Let a(y) = -y**3 - y**2 + y + 5. Suppose 21 = 4*p - p. Suppose 0 = -2*c + p*c. Calculate a(c).
5
Suppose -4*b + 16 = 4*g + 4, 4*b + 2*g = 6. Suppose b*n = r - 5*n - 10, 0 = 2*r - 2*n - 12. Let x(l) = r*l - 3*l - 7 + 4*l**2 - 3*l**2 + 3*l. What is x(-6)?
-1
Let d(s) be the first derivative of 2*s**3/3 + 15*s**2/2 + 7*s + 381. What is d(-6)?
-11
Let w(r) = r**3 - 10*r**2 - 12*r + 13. Let v = -102 + 110. Suppose -h - 27 = -2*i, 7 = -3*h - v. Determine w(i).
2
Let m(u) = -11*u**3 + 35*u - 2 + 3*u**2 - 37*u - 5*u**2. Let l(p) = 5*p**3 + p**2 + p + 1. Let j(h) = -13*l(h) - 6*m(h). Give j(2).
1
Let s(g) = 5 - 9*g - 2*g**2 - 7*g + 13*g + g**2. Suppose -3*o = z + 20, z + 8 = -o - 0*z. Let n be o + 5 - (4 + -1). Determine s(n).
1
Let l(u) = -u**3 - 19*u**2 - 15*u - 17. Let v(f) = f**3 + 20*f**2 + 15*f + 18. Let n(m) = -7*l(m) - 6*v(m). Calculate n(-12).
-25
Let s(g) = 2*g - 3. Let f be (-6)/15*(0 - 10). Let j(x) = 5 + x**3 - 3*x**2 - f + 3*x**3 - 2*x**3. Let z be j(2). Calculate s(z).
7
Let g(f) = -71*f - 434. Let q be g(-6). Let z(t) = -2*t**3 - 17*t**2 - 10*t - 11. Give z(q).
5
Let k(r) = -11*r**3 + r**2 - r + 2. Let f(v) = 29*v**3 - 4*v**2 + 3*v - 7. Let i(z) = -3*f(z) - 8*k(z). What is i(-5)?
-15
Suppose 0 = 59*x - 71*x - 72. Let d(q) = q**3 + 6*q**2 + 3*q**2 + q + 5 - 3*q**2. Calculate d(x).
-1
Let c(o) = -o**3 - 6*o**2 - 10*o - 18. Let a be c(-4). Let f(n) = -n**3 - 11*n**2 - 11*n - 8. Determine f(a).
2
Let r(h) = h. Let x(j) = 7*j - 1. Let k(p) = 3*r(p) - x(p). Let w be -3*(1 + (11 - (2 - 3))). Let o = 41 + w. What is k(o)?
-7
Let d(o) = 2*o**3 - o**2 + 2*o - 1. Let q be d(1). Let p(m) = -10*m - 8. Let r(c) = -9*c - 7. Let l(t) = 6*p(t) - 7*r(t). What is l(q)?
7
Let o(b) = -5*b**2 - 4*b + 20. Let y(f) = 6*f**2 + 3*f - 28. Let x(u) = -4*o(u) - 3*y(u). Let c(w) = w**2 + 6*w - 4. Let v be c(-6). Give x(v).
8
Let r(w) = -w - 1. Let t(n) = -n**3 + 5*n**2 - 5*n + 1. Let y be t(4). Let c be -1 + (-2)/(0 + -1). Let m = c + y. Calculate r(m).
1
Let r(n) be the third derivative of -n**3 + 1/10*n**5 + 1/3*n**4 + 19*n**2 + 0*n - 1/120*n**6 + 0. Calculate r(7).
1
Let i = -460 - -460. Let d(f) = f**3 + f**2 - f + 5. Calculate d(i).
5
Let a(c) = 1 - 2*c**3 + 2*c**3 + c**2 - 2*c**2 - c**3 + 2*c. Suppose 0 = -3*g - 5*u + 19, 0 = 4*g + u + 3. What is a(g)?
1
Let p(c) = c**3 + 8*c**2 + 8*c + 7. Let i be p(-7). Let d(o) be the third derivative of o**5/60 - o**4/24 - 17*o**3/6 - 203*o**2. Determine d(i).
-17
Let k(n) = n**2 + 5*n - 8. Let q be 126/(-24)*12/9. Calculate k(q).
6
Let w(l) = 2 - 183*l + 0*l**2 - l**3 - 4*l**2 + 181*l. Give w(-2).
-2
Let c(t) be the third derivative of -t**4/24 + t**3/3 - 10*t**2 - 6*t. Suppose 5*v + 35 = -x, 4*v + 28 = x + 3*x. Give c(v).
9
Let g(q) = q**3 - 6*q**2 + 2*q - 12. Let p be ((-18)/(-30) + 27/5)*1. Give g(p).
0
Suppose 5*o + 8*r = 4*r - 105, -66 = 3*o + 3*r. Let i(j) = -j - 7. Give i(o).
10
Let k(b) = b**2 - 4*b + 2. Suppose -3*q - 2*p = -6*q + 73, p = 1. Let x = -22 + q. Suppose 30*n + x = 31*n. Give k(n).
-1
Let x = 94 - 91. Suppose x*q + 4 + 8 = 0. Let r(w) = w**2 - 5. Determine r(q).
11
Let b(g) = -g**2 - 2*g + 1 - g - 3 + 1. Suppose -4*t = -2*c + c - 15, 4*c = -4*t. Calculate b(c).
-1
Suppose 24*u - 90 = 54. Let l(i) = -5*i - 8*i**2 + 9*i**2 + 2 - 4. What is l(u)?
4
Let m(u) be the second derivative of u**4/12 - u**3 + 3*u**2 - 29*u. Calculate m(6).
6
Let k = -1051 + 1049. Let t(l) = -3*l - 3*l**2 + 3*l. What is t(k)?
-12
Let k(u) be the first derivative of 3*u**4/4 + u**3/3 - 2*u - 26. Let h(i) = -5*i**3 - i**2 + 3. Let t(w) = -5*h(w) - 8*k(w). Calculate t(1).
-1
Let k(v) = v**2 + 10*v - 4. Let s(l) = -2*l. Let d(r) = k(r) + 6*s(r). Calculate d(0).
-4
Let k(p) = -3*p + 4. Let r = -14 + 12. Let v be ((-16)/r - 0)*3/4. Calculate k(v).
-14
Let x(l) = 5 + 488*l + 478*l - 967*l. Determine x(4).
1
Let r(x) = x**3 - 12*x**2 + 10*x + 7. Suppose 4*j - 5*j = -13. Suppose j*v + 0*v - 143 = 0. Determine r(v).
-4
Let n(q) be the second derivative of q**4/12 + 4*q**3/3 + 21*q**2/2 + 16*q - 13. What is n(-5)?
6
Let u(t) = t - 17. Let n(w) = w - 17. Let v(m) = -4*n(m) + 3*u(m). Let s be v(12). Let a(p) be the third derivative of